 14 + -11. Let a(q) = -6 + 5 - f - 2*q + 0. Suppose -5*x + 18 = -r, x = -3*r - 2*x. Calculate a(r).
2
Let m(j) be the third derivative of j**5/120 - j**4/24 + j**3/3 - 2*j**2. Let t(x) be the first derivative of m(x). Determine t(-1).
-2
Let o be ((-16)/(-12))/(10/45). Suppose 3*w + o + 9 = 0. Let u(c) = c**3 + 6*c**2 + 6*c - 4. What is u(w)?
-9
Suppose -v = -2*v + 2. Let d(q) = -q - 3*q**v + 0*q - 4 - q**3 + 5*q. Suppose 0 = -4*s - 0*s - 16. Calculate d(s).
-4
Let t(g) = 4*g - 7. Let o(i) = i**2 - 2*i - 3. Let u be o(4). Determine t(u).
13
Let b(q) = q + 3. Let w be b(-10). Let c be (w - -2) + 1/1. Let u(i) = -i**2 - 4*i + 3. What is u(c)?
3
Let q = -3 - -5. Let r(x) be the third derivative of x**4/6 - x**3/6 + 3*x**2. Give r(q).
7
Let o(f) be the third derivative of -f**5/60 - 5*f**4/24 - f**3/2 + 15*f**2. Calculate o(-6).
-9
Let r(v) = -v**2 - 6*v - 5. Let a(g) = -g**3 - 7*g**2 + 2*g + 8. Let t = -18 - -11. Let b be a(t). Calculate r(b).
-5
Let x be 2*1/(-2) + 2. Let a(w) = w. Let v(c) = 8*c - 1. Let q(u) = x*v(u) - 6*a(u). Determine q(-2).
-5
Let k = -17 + 13. Let g(y) = y + 7. Give g(k).
3
Let r(u) = 2*u + 2. Suppose -6*k - 16 + 40 = 0. Suppose -4*c = -4*q + k, 2*q + 3*q + c = 11. Calculate r(q).
6
Let a(g) be the third derivative of g**4/24 - g**3/6 - 35*g**2. Give a(-5).
-6
Let y(t) = -t**3 - 7*t**2 + 9*t + 2. Let r be y(-8). Let o(x) = 4*x**3 - 3*x**3 + 2*x**2 - 5 + 6*x**2 - x - 2*x**2. Calculate o(r).
1
Let y(z) = -5*z**2 - 2*z - 1. Let m(r) = -9*r**2 - 3*r - 1. Let c(h) = 4*m(h) - 7*y(h). What is c(3)?
0
Let k(a) = -a**3 - 7*a**2 + 2*a + 7. Suppose 0*m + 28 = -4*m. What is k(m)?
-7
Let w be 10/30 + 4/6. Let y(r) = -3*r**2 - 2*r + 1. Calculate y(w).
-4
Suppose -4*z + 2*t = -18, -5*z + 6 = -2*z + t. Let j(u) be the second derivative of -2*u**2 + 5/6*u**3 - u + 0 - 1/6*u**4. What is j(z)?
-7
Let f(p) = 7*p - 3*p - 1 - 5*p + 0*p. Determine f(3).
-4
Let v(n) = 4*n**3 - 4*n**2 + 9*n. Let j(p) = -p**3 + p**2 - 3*p. Let l = 8 + -1. Let i(h) = l*j(h) + 2*v(h). Calculate i(3).
9
Let a be 132/2*(1 - 0). Suppose -40 = -4*r + 4*c, -c + 4*c = -5*r + a. Suppose 0 = -5*b + 2*b + r. Let x(l) = l**2 - 3*l + 1. Determine x(b).
5
Suppose -6*k + 8 = -2*k + 2*t, -k = -4*t + 16. Let s(v) = -1 + 0 + k - 6*v. Let g = -3 + 2. Give s(g).
5
Suppose 4*i - 4*f = 0, -30 = i - 6*i - 5*f. Suppose -i*u + 4*a = -9, 0 = -5*u + 2*a + 1 - 0. Let l be 0*(3 - 2)*u. Let d(w) = w**2 + 6. Give d(l).
6
Let v(l) = 4*l - 2. Suppose 0 = -n + 4*n - 6. Suppose 2*t = 6*t - 20. Suppose 2*a + 3 = n*d + d, -4*a = t*d - 27. Give v(d).
10
Suppose -2*w - 2*w = p - 22, -2*w = p - 12. Let g(h) = h**2 - 5*h - 7. What is g(w)?
-7
Let m(y) = 7*y**2 - 3*y + 4. Let v = -8 + 13. Let j(p) = 6*p**2 - 2*p + 3. Let a(n) = v*m(n) - 6*j(n). Give a(-3).
2
Let z = -5 + 7. Let r(t) = 4*t - t**2 + 6 + z - 1. Let a be (2 + 2)*(-15)/(-12). Calculate r(a).
2
Let j(u) be the first derivative of u**4/4 + 4*u**3/3 - 3*u**2/2 - 6*u - 11. Determine j(-4).
6
Suppose 4*b - b = -3*t + 6, 3*t = 4*b - 29. Let q(u) = -u**2 + 3*u. Determine q(b).
-10
Let p(s) be the second derivative of s**3/6 - s**2/2 - 22*s. Calculate p(-4).
-5
Let n(k) = -2 + 2*k - 3*k + 0*k. Suppose 0 = -m - 2*m - 15. What is n(m)?
3
Let b(f) = 2*f + 9. Let l be b(-4). Suppose -l = c - 3*a, 0 = -3*c + a + 5. Let z(j) = 2*j + 1. Give z(c).
5
Let y(w) = 1. Let x(v) = -2*v. Let l(z) = -x(z) + y(z). Give l(-2).
-3
Suppose -1 - 11 = -3*c. Let g(h) = -h**3 + 4*h**2 + h + 3. What is g(c)?
7
Let z = 1 - 2. Let t(m) = 4*m**3 + 1. Let j be t(z). Let f(h) = -4*h**3 + 5*h**3 - 3*h**2 + h - 2*h**3 - 2. Determine f(j).
-5
Let k be 34/24 + -1 + 2/(-8). Let w(c) be the second derivative of 0 + 1/10*c**5 + 3*c - k*c**4 + 0*c**2 - 1/6*c**3. Give w(-1).
-3
Let p be (-9)/(-6) + (-5)/(-2). Let w = 2 - 0. Let h(q) = -3*q**2 + 7*q**w - 1 - 2*q - 3*q**2. Determine h(p).
7
Let d(m) = m - 5. Suppose n - 20 = -n. Let i be d(n). Let q(u) be the third derivative of -u**4/24 - u**3/3 + u**2. Give q(i).
-7
Let k(q) = -2*q - 7. Let t be k(-5). Let l(s) = t + 3 - 1 - 2*s. Calculate l(4).
-3
Let f(j) be the first derivative of 3*j + j**2 - 1/3*j**3 + 7. What is f(4)?
-5
Suppose -3*o = -6*o - 3. Let s be (-1*2*1)/2. Let w(z) = 1. Let p(j) = -j**2 + j + 6. Let n(x) = s*p(x) + 6*w(x). What is n(o)?
2
Let l(h) be the second derivative of -h**3/6 - h**2/2 - 23*h. Give l(-4).
3
Let u(d) = 2*d**3 + 6*d**2 - 9*d - 10. Let v(w) = w**3 - w - 1. Let b(t) = -u(t) + 3*v(t). Let m be -4 - -2 - (-6 - 1). Calculate b(m).
12
Let z be 2*-2 - (-2405)/600. Let j(d) be the third derivative of 0*d + d**2 + z*d**6 + 5/24*d**4 + 0 + 1/10*d**5 + 5/6*d**3. Give j(-5).
5
Let h(w) = 7*w - 8. Let x(j) = -4*j + 4. Let l(n) = -3*h(n) - 5*x(n). Suppose 0 = -4*s + 4*i + 12, 5*s + 1 = 4*i + 20. Give l(s).
-3
Let q = 35 - 25. Suppose -14 = 5*l - 39, p - 2*l = -q. Let b(w) = -w**3 - w - 1. What is b(p)?
-1
Let u(o) be the second derivative of -1/2*o**2 - 1/20*o**5 + 7*o - 1/3*o**3 + 1/6*o**4 + 0. Suppose -m + 3*r = 4*m + 5, 4*m = r + 3. Calculate u(m).
-5
Let r(i) = 2*i**2 - 10*i + 3. Suppose -5*a = 2*t + 3*t - 20, 2*a = 3*t - 17. Let v(m) = m**2 - 5*m + 2. Let x(k) = t*v(k) - 3*r(k). What is x(4)?
5
Let m(w) be the second derivative of 1/4*w**4 + 1/20*w**5 + 1/2*w**2 - 2*w - 5/6*w**3 + 0. Suppose -i - 20 = 4*i. What is m(i)?
5
Let v(f) = -9*f + 15. Let k(s) = -13*s + 22. Let q be 0 + 0 - (-1 - 4). Let a = 25 + -32. Let g(p) = a*v(p) + q*k(p). Determine g(5).
-5
Let m(u) = -u**2 - 3*u - 5. Let q be m(-2). Let v(r) = r**3 + 3*r**2 - 2*r - 1. Determine v(q).
5
Let r(h) = -4*h**3 - 9*h**2 - 3*h + 5. Let y(s) = -8*s**3 + 12*s**3 - 7*s**3 - 8*s**2 - 2*s + 5. Let q(b) = -2*r(b) + 3*y(b). Give q(-6).
5
Let t(h) be the second derivative of -h**6/180 + h**5/24 - h**4/6 - 5*h**3/6 + 2*h. Let v(c) be the second derivative of t(c). Determine v(3).
-7
Let j = 8 - 8. Suppose j*k = -k + 3. Let d(v) = v + 2. Calculate d(k).
5
Let g(h) be the second derivative of h**5/20 - 3*h**4/4 + h**3/6 - 7*h**2/2 - 31*h + 2. Calculate g(9).
2
Let i(x) = 3*x**2 - 4*x + 0*x - 2*x**2 + 1 + 2*x. Let q(z) = -1 + 2 + 2*z - 5*z + 2*z**2. Let r be q(2). Determine i(r).
4
Let c(d) = -2 - 3*d + 13 + d**3 - d**2 + 3*d. Let t(l) = 1 + 6 + l - 4. Let i be t(-3). What is c(i)?
11
Let p(d) = -d. Let s(w) = w**2 + 11*w. Let z(r) = 22*p(r) + 2*s(r). Let j be ((-52)/143)/((-2)/11). Determine z(j).
8
Let g(z) be the second derivative of -1/2*z**3 + 1/12*z**4 + 3*z + 0 - 5/2*z**2. Suppose -5*w - 11 = -36. What is g(w)?
5
Let r(c) = 2*c**3 + 3*c + 104 - 105 - 5*c**2 + 2*c**2. Determine r(2).
9
Let o(z) = 6*z + 10. Let m(l) = 2*l + 3. Let n(x) = 16*m(x) - 5*o(x). Let s be -5 + 3 + 2*-1. What is n(s)?
-10
Let y(i) = 16*i - 1. Let m(o) = o. Let t(q) = -6*m(q) + y(q). Suppose 6 = 4*k - 3*k - v, -k - v - 4 = 0. Give t(k).
9
Let q(o) = o + 7. Let d be q(-13). Let y(w) = -w**2 - 7*w - 2. What is y(d)?
4
Let z(w) = 3*w + 27. Let t be z(-9). Let o(b) = 6 + 0*b**2 + b**2 + 0*b**2. Determine o(t).
6
Let x(f) = 10*f**2 - 2*f - 1. Suppose 0 = 3*m + m + 8. Let t be (m - -3)*(-3)/3. Determine x(t).
11
Let i(z) be the third derivative of z**6/120 + z**5/10 - z**4/24 - 5*z**3/6 + 19*z**2. Suppose -3*t + 12 = -5*t. What is i(t)?
1
Let g(y) = -1. Let m(x) = 2*x - 3. Let n(q) = -6*g(q) + m(q). Calculate n(-2).
-1
Let r(i) = i**2 + 5*i - 5. Let u(m) = -m + 2. Let p be u(-3). Suppose -s + p = -2*s. Give r(s).
-5
Let m be -2 + 2 + (-4 - 1). Let t(i) be the first derivative of -7*i - 1 - 1/2*i**2. Determine t(m).
-2
Let w(u) = u**3 - 6*u**2 - 7. Let h be (-108)/10*40/(-12). Suppose 5*v + 6 = h. Determine w(v).
-7
Let z = -10 - -7. Let g(p) = -p + 1. Let t be g(z). Let a(q) = -3*q + 6. Let d(b) = -b + 2. Let l(h) = -3*a(h) + 8*d(h). Calculate l(t).
2
Let w be ((-4)/12)/((-5)/75). Let s(o) = 2*o + 4. Give s(w).
14
Let w be (1 - 0)/((-5)/(-55)). Let c(t) = -w*t**2 - 3*t + t + 3*t. What is c(-1)?
-12
Suppose i - 8 = -i. Suppose 2*t = j - 5*j, i*j + t = 2. Let d(m) = -6*m - 1. Calculate d(j).
-7
Let y(a) = 4*a**2 + 4*a + 2. Let u be y(-3). Suppose -10 = 9*n + u. Let o(m) = -2*m - 5 + 3 + 0*m. Determine o(n).
6
Let q(f) be the third derivative of f**4/24 - 4*f**3/3 + f**2. Let o be -40*(3/6 - 1). Suppose -5*i = -i - o. What is q(i)?
-3
Let r(p) = 2*p**2 + 3*p + 3. Suppose -4*u = 27 + 5. Let d